-75)?
3
Let f(x) = x**3 - 12*x**2 + 3*x - 10. What is the tens digit of f(12)?
2
Suppose -2*n - 3*f + f = -94, -4*n - f + 185 = 0. What is the tens digit of n?
4
Let o(u) = u**2 - 12*u - 10. What is the units digit of o(15)?
5
Let d be 282/5 + 2/(-5). Suppose -3*o + 12 = 4*v - d, -2 = -v. What is the units digit of o?
0
Suppose 2*k = -0*k - 12. What is the units digit of 3*(1 - 4/k)?
5
Let a(k) = 138*k**3 + k**2 + k - 1. What is the tens digit of a(1)?
3
Let b = 6 + -9. What is the units digit of (1/b)/((-3)/45)?
5
Suppose -4*q - 7 - 33 = 0. Let u be 4/q - (-22)/5. Let w = 8 - u. What is the units digit of w?
4
Let f(x) = x**2 + 5*x. Let y = -6 - 0. What is the units digit of f(y)?
6
Suppose 0*z - z + 2 = 0. Suppose -x + 26 = -4*c, -3*c = -z*x + 3*x + 2. What is the units digit of x?
0
Suppose -a - 1 = 0, 4*k + 0*a - 2*a - 90 = 0. What is the units digit of k?
2
Let q = -33 + 54. What is the tens digit of q?
2
Suppose 3*y + 2*m = -0*y + 25, 2*y - 2 = -5*m. Suppose 0 = 2*w - 3*w - 4, -4*w + y = 3*a. What is the units digit of a?
9
Let g be (18/(-27))/(2/(-6)). Suppose -5*f = 3*l + 11 + g, -2*l - 3*f - 10 = 0. Let m = 4 - l. What is the tens digit of m?
1
Suppose 0 = -4*z + 112 + 48. What is the tens digit of z?
4
Let j be (-3)/(-1 - 17/(-14)). Let w = j - -21. What is the units digit of w?
7
Suppose -2*u + 342 = 2*u + 2*k, 5*k - 267 = -3*u. What is the units digit of u?
4
Let n be ((-8)/14)/((-6)/21). Let h(a) = a**2 - 2*a + 3. Let s be h(n). Suppose s*p - 14 = 37. What is the tens digit of p?
1
Let t(i) = -10*i - 80. What is the hundreds digit of t(-20)?
1
Suppose -t = -5*c - 38, 2*t - 5*t = -5*c - 44. Let u be 2/c + 180/42. Suppose -2*a = n + 3*a - 7, u*n - 49 = a. What is the units digit of n?
2
What is the tens digit of 6/9 - (-34)/3?
1
What is the units digit of (7/(-2 + -5))/(2/(-290))?
5
What is the hundreds digit of 4/2 + (1 - -118)?
1
Suppose -6 - 66 = -4*q. Let g be 1/4 - q/8. Let m(z) = z**2 - 1. What is the units digit of m(g)?
3
Let y(g) = g**3 - 10*g**2 + g - 7. Let v(o) = 2*o**2 + 3*o + 1. Let q = 3 + -6. Let j be v(q). What is the units digit of y(j)?
3
Let d be 5/3*(0 - -3). Let v = d + 0. What is the units digit of v?
5
Suppose 0*h - h = -2*f - 2, 2*f = -5*h - 14. What is the units digit of -1 - f/(-2)*-7?
6
What is the tens digit of 227/9 - (-6)/(-27)?
2
Let p(c) = c**3 - 16*c**2 - 4*c - 7. Let x(b) = 2*b**3 - 33*b**2 - 9*b - 14. Let g = 12 - 18. Let y(l) = g*x(l) + 13*p(l). What is the units digit of y(10)?
3
Suppose q = -3*q + 8. What is the tens digit of (-2)/(-4)*q*39?
3
What is the units digit of 0 + 2 - 1 - -28?
9
Suppose 2*f - 4*x - 86 = 0, -58 = -f - x - 0*x. What is the units digit of f?
3
Let f(k) = -k. Let h(i) = -24*i - 4. Let z(p) = 2*f(p) + h(p). Let y be z(4). What is the units digit of y/(-14) + 12/42?
8
Suppose 0 = -4*a - 7 - 5. Let h(x) = -7*x + 1. What is the units digit of h(a)?
2
What is the tens digit of 0 + 58 + (-2 - 2)?
5
Let y = -1 + 33. Suppose 7*i - 2*i = -t + 12, i = -t + y. What is the tens digit of t?
3
Let j be (-6)/(-4)*(-2)/(-3). Let y be j/((-1)/12*-2). What is the units digit of (y/12)/(2/24)?
6
Let u = -10 - -7. Let n(b) = -b**2 - 4*b - 2. Let w be n(u). What is the units digit of (-2)/1 + 3/w?
1
Let u(i) = -i**3 - 4*i**2 + 1. What is the units digit of u(-5)?
6
Suppose -4*u + 5*o = 17, 5*o - 23 = 4*u + 2*o. What is the tens digit of (-3)/((-3)/(-2))*u?
1
Let j = 94 + -43. What is the units digit of j?
1
Let l = 100 - 70. What is the tens digit of l?
3
Let h(r) = 0 + 27 + 0 + 2*r. What is the tens digit of h(0)?
2
Let c be -7*1 + (-3)/(-3). Suppose 5*v + 4*t = 5, 0 = -v - 2*t - 0*t + 7. What is the units digit of (c/(-2))/(4 + v)?
3
Let f be 236/(-10) + 8/(-20). Let h = f + 28. What is the units digit of h?
4
Let v(g) = 9*g - 4. Let d = -7 + 10. What is the units digit of v(d)?
3
Let w = 141 - 95. What is the tens digit of w?
4
Let c(x) = -3*x + 3. Let y be c(2). Suppose 0*u - 18 = -3*u. Let n = y + u. What is the units digit of n?
3
Suppose -4*p - 632 = -12*p. What is the units digit of p?
9
Let i(p) = p**2 - 7*p + 26. What is the tens digit of i(13)?
0
Let x(h) = h**3 + 9*h**2 - h - 15. What is the tens digit of x(-7)?
9
Suppose j + 19 = 5*x, 3*j + 6 = -x - 3. What is the units digit of 29/3 - 2/x?
9
Suppose -4*b + 3*b = -4*k - 121, -2*b - k + 242 = 0. What is the units digit of b?
1
Suppose 3 + 1 = 2*y. Suppose -3*i = y*d + 2, -i - 3 = -d + 6. What is the units digit of d?
5
Let x = 5 - -1. Suppose -3*r - 2 = -4*l - x, -2*r - 4*l = -16. What is the units digit of r?
4
Suppose -5*a = -2*a - 27. Suppose -3*d - 3*s = -a, -s - 7 = -5*d + 2. Suppose -z = -7 + d. What is the units digit of z?
5
Let y be (-3)/(-1) - -2 - 2. Suppose 0 = -4*d + y*a + 63, 0*d + d + 3*a = 12. What is the units digit of d?
5
Let x(m) = -5*m**3 + m**2 + 3*m + 3. Let l be ((-2)/(-5))/((-5)/25). What is the tens digit of x(l)?
4
Suppose 2 = -2*c - 4. Let q(s) = s - 6. Let r be q(7). What is the units digit of (21/(-9)*c)/r?
7
Suppose -2 = o - 5. Suppose -z - 68 = -o*z. What is the tens digit of z?
3
Let o = 2 + 1. Suppose -5*n + 5*r + 115 = 0, o + 1 = -2*r. What is the units digit of n?
1
Suppose -2*k + 6 = 4*n, 2*n = 5*k - 0*k + 9. Suppose n*p - 2 = -6. What is the units digit of (-3 - p)*1 - -14?
3
Let d(w) = -w - 3. Let v be 42/(-8) + (-1)/(-4). Let c be d(v). Suppose 4*r = -r + b + 8, 3*b - 10 = -c*r. What is the units digit of r?
2
What is the tens digit of (-2)/4*(-76 + -4)?
4
Suppose -585 = -45*b + 42*b. What is the units digit of b?
5
What is the hundreds digit of (16/(-6))/((-3)/207)?
1
Let b = 343 - 129. What is the hundreds digit of b?
2
Suppose -3*v - 3*a + 2*a = -9, 5*v + 5*a = 25. Suppose -13 = j - v*j. What is the tens digit of j?
1
What is the tens digit of 118 + 4/(-12)*1*12?
1
Suppose m - 126 = 5*d, -m = -6*m + 2*d + 607. What is the hundreds digit of m?
1
What is the tens digit of (-2)/6 - (-301)/21?
1
Let w(i) = 5*i**2 + 9*i + 12. What is the tens digit of w(-4)?
5
Let l be (0 + 2)/(4/6). Let k be 18/(-12)*(-8)/l. Suppose 2*s + 5*y - 27 = k*y, -2*s + 3*y = -23. What is the units digit of s?
3
Suppose 0 = -8*n + 43 + 1309. What is the tens digit of n?
6
What is the tens digit of -3 + (42/2)/1?
1
Let c = 43 + 11. Let z be (-4)/(-6)*c*1. Suppose 2*p - i + 4*i - 18 = 0, 2*i - z = -4*p. What is the units digit of p?
9
Let f be (-2)/(-5) - 976/40. Let v = f + 42. What is the units digit of v?
8
Suppose -5*r - 173 = p - 962, -r - 4*p + 173 = 0. What is the hundreds digit of r?
1
Let z(v) = v**2 + 5*v + 27. What is the tens digit of z(-8)?
5
Let v(m) = -m**3 + 12*m**2 - 5*m - 7. Let s be v(11). Let q = s + -38. What is the tens digit of q?
2
Let k(w) = -w + 5. Let p be k(0). Suppose -2*d + 2*n + 14 = 3*n, 34 = 3*d - p*n. What is the units digit of d?
8
What is the units digit of 1/(3 + 464/(-156))?
9
Let v be 3/(-4)*(-25 - -1). Suppose 3*l + v = 6*l. Suppose -3*t + 2*w - l*w = -29, -3*t = 3*w - 27. What is the units digit of t?
7
Suppose b + 0*b = 2*r - 1, -4*b - 28 = 4*r. What is the tens digit of r/(-3)*408/16?
1
Let q = 44 - 28. Let k = -55 - -58. Suppose -i = k*i - q. What is the units digit of i?
4
Let s(n) = -n**2 + 13*n - 30. Let y be s(9). Let x(k) be the first derivative of -k**3/3 + 4*k**2 + 8*k - 2. What is the units digit of x(y)?
0
Let j(v) = 2 + 7*v**2 + 9*v - 9*v. What is the tens digit of j(-2)?
3
Let p(o) be the second derivative of -o**3 + 3*o. Let m(w) = -w + 1. Let a(x) = m(x) - p(x). What is the units digit of a(1)?
6
Let q = -9 - -7. Let s = q + 20. What is the units digit of s?
8
Let a = 9 + -14. Let k be 2/a + 1440/(-25). What is the units digit of k/(-7) + 4/(-14)?
8
Let o be (1 + -2)*(-4 - 0). Let l be o - (0 + (2 - 2)). Suppose -l*q = n - 10 - 4, -5*n + 6 = 4*q. What is the units digit of q?
4
Let l(d) be the first derivative of 1/3*d**3 - 2 + 2*d**2 + d. What is the units digit of l(-4)?
1
Let j be (-2)/5 - 27/(-5). Suppose 0 = 3*p - 5*p - q + 14, 0 = -2*p + j*q + 2. What is the units digit of p?
6
Let h = 16 + -13. Suppose 8*p - 3*p + 5*y - 30 = 0, 6 = 5*p - 3*y. Suppose h*g - l - 7 = 0, 2*g + p*l - 4*l = 3. What is the units digit of g?
4
Let l(w) = -w**2 + w + 2. Let v be (-1)/2*1*0. Suppose v*a = a. What is the units digit of l(a)?
2
Let h(b) be the second derivative of